715365 is divided by 43.
4
What is the remainder when 232956 is divided by 116235?
486
Calculate the remainder when 6859958 is divided by 803.
732
Calculate the remainder when 243793 is divided by 2514.
2449
Calculate the remainder when 5470546 is divided by 3778.
2
Calculate the remainder when 47085154 is divided by 372.
370
Calculate the remainder when 644170 is divided by 1370.
270
What is the remainder when 494588 is divided by 110?
28
What is the remainder when 1075496 is divided by 11203?
8
What is the remainder when 926173891 is divided by 98?
97
What is the remainder when 130075072 is divided by 23?
21
What is the remainder when 6501004 is divided by 6443?
17
What is the remainder when 377405431 is divided by 76?
71
What is the remainder when 33102154 is divided by 130?
124
What is the remainder when 29144474 is divided by 29?
25
Calculate the remainder when 158699 is divided by 664.
3
Calculate the remainder when 244477800 is divided by 715.
710
Calculate the remainder when 42722665 is divided by 811.
807
What is the remainder when 25082 is divided by 514?
410
Calculate the remainder when 23786516 is divided by 17.
14
What is the remainder when 774757 is divided by 115?
2
What is the remainder when 1469003 is divided by 6?
5
Calculate the remainder when 3370181 is divided by 44933.
206
Calculate the remainder when 15561 is divided by 5023.
492
What is the remainder when 30456403 is divided by 68?
19
What is the remainder when 325388 is divided by 81281?
264
What is the remainder when 1506399 is divided by 150615?
249
Calculate the remainder when 48713 is divided by 8166.
7883
Calculate the remainder when 46301107 is divided by 25191.
49
What is the remainder when 3140272 is divided by 672?
16
Calculate the remainder when 30208 is divided by 903.
409
What is the remainder when 638911 is divided by 2290?
1
Calculate the remainder when 1276865 is divided by 1781.
1669
What is the remainder when 45286632 is divided by 261?
0
Calculate the remainder when 133955 is divided by 2729.
234
What is the remainder when 9180043 is divided by 49?
40
Calculate the remainder when 1696319 is divided by 41.
26
Calculate the remainder when 833289 is divided by 448.
9
What is the remainder when 75467 is divided by 6848?
139
What is the remainder when 2960994 is divided by 53836?
14
Calculate the remainder when 116133 is divided by 116121.
12
What is the remainder when 215063 is divided by 5663?
5532
What is the remainder when 877307 is divided by 151?
148
What is the remainder when 6854732 is divided by 42?
38
Calculate the remainder when 3981848 is divided by 442426.
14
Calculate the remainder when 215855 is divided by 1700.
1655
Calculate the remainder when 64259803 is divided by 7.
6
Calculate the remainder when 17947934 is divided by 146.
8
What is the remainder when 18977467 is divided by 9488722?
23
Calculate the remainder when 194798 is divided by 14977.
97
What is the remainder when 339790 is divided by 4382?
2376
Calculate the remainder when 471135 is divided by 233740.
3655
What is the remainder when 28028879 is divided by 3175?
3154
What is the remainder when 184581 is divided by 42?
33
Calculate the remainder when 55620 is divided by 3477.
3465
Calculate the remainder when 49091 is divided by 47956.
1135
Calculate the remainder when 537978 is divided by 15671.
5164
What is the remainder when 7731741 is divided by 213?
54
Calculate the remainder when 17227522 is divided by 20756.
42
Calculate the remainder when 131755 is divided by 131662.
93
Calculate the remainder when 5082637 is divided by 4.
1
What is the remainder when 257710 is divided by 267?
55
What is the remainder when 1585257 is divided by 5001?
4941
Calculate the remainder when 2086143 is divided by 12951.
1032
Calculate the remainder when 1270947 is divided by 6051.
237
Calculate the remainder when 5064148 is divided by 536.
20
What is the remainder when 8755399 is divided by 67?
40
What is the remainder when 1872474 is divided by 2850?
24
What is the remainder when 7064255 is divided by 883029?
23
What is the remainder when 2062575 is divided by 229174?
9
What is the remainder when 152364 is divided by 2308?
36
What is the remainder when 18806816 is divided by 419?
1
What is the remainder when 52127 is divided by 1545?
1142
Calculate the remainder when 49863 is divided by 3118.
3093
Calculate the remainder when 34002 is divided by 4758.
696
What is the remainder when 451340 is divided by 28208?
12
Calculate the remainder when 4094753 is divided by 2047369.
15
What is the remainder when 1284291 is divided by 194?
11
What is the remainder when 1256924 is divided by 309?
221
What is the remainder when 46326110 is divided by 507?
506
What is the remainder when 11544100 is divided by 43075?
0
What is the remainder when 275841 is divided by 886?
295
Calculate the remainder when 47894 is divided by 7942.
242
What is the remainder when 17522020 is divided by 52?
48
Calculate the remainder when 2871745 is divided by 689.
682
What is the remainder when 9939713 is divided by 89?
15
Calculate the remainder when 83066 is divided by 729.
689
What is the remainder when 14057988 is divided by 483?
273
Calculate the remainder when 25682133 is divided by 33.
15
What is the remainder when 9099991 is divided by 1819988?
51
Calculate the remainder when 17338062 is divided by 56110.
72
Calculate the remainder when 26038 is divided by 6495.
58
Calculate the remainder when 1304808 is divided by 163100.
8
What is the remainder when 18456415 is divided by 2213?
2208
Calculate the remainder when 23303051 is divided by 223.
220
What is the remainder when 16583680 is divided by 10839?
10
Calculate the remainder when 2680643 is divided by 12.
11
Calculate the remainder when 252494 is divided by 20.
14
Calculate the remainder when 91756289 is divided by 9477.
9452
What is the remainder when 9440 is divided by 1071?
872
Calculate the remainder when 32273633 is divided by 11.
7
Calculate the remainder when 6260918 is divided by 251.
225
What is the remainder when 3803881 is divided by 66?
37
What is the remainder when 51749754 is divided by 3590?
3494
Calculate the remainder when 881298744 is divided by 1931.
1930
Calculate the remainder when 66474 is divided by 40.
34
What is the remainder when 536909 is divided by 76618?
583
Calculate the remainder when 1419347 is divided by 22.
17
What is the remainder when 264362 is divided by 1674?
1544
Calculate the remainder when 640164 is divided by 618.
534
What is the remainder when 12836338 is divided by 282?
262
Calculate the remainder when 12535873 is divided by 13.
12
Calculate the remainder when 17002 is divided by 266.
244
What is the remainder when 5111453 is divided by 13?
9
Calculate the remainder when 178675 is divided by 2382.
25
What is the remainder when 1940 is divided by 260?
120
Calculate the remainder when 34319 is divided by 555.
464
What is the remainder when 3192740 is divided by 12?
8
Calculate the remainder when 7586202 is divided by 16.
10
What is the remainder when 134699 is divided by 11220?
59
Calculate the remainder when 134024 is divided by 132921.
1103
What is the remainder when 514665 is divided by 35?
25
What is the remainder when 46172318 is divided by 178?
8
Calculate the remainder when 35421 is divided by 2286.
1131
Calculate the remainder when 106235 is divided by 21239.
40
What is the remainder when 98858 is divided by 32755?
593
What is the remainder when 8918876 is divided by 1134?
1100
Calculate the remainder when 204788 is divided by 17061.
56
What is the remainder when 96701 is divided by 96509?
192
What is the remainder when 218129 is divided by 204?
53
What is the remainder when 37717829 is divided by 2827?
2822
What is the remainder when 440218 is divided by 73363?
40
What is the remainder when 1410770 is divided by 81?
74
What is the remainder when 29080504 is divided by 357?
355
Calculate the remainder when 48531320 is divided by 87.
23
What is the remainder when 6717317 is divided by 274?
207
What is the remainder when 33480252 is divided by 86?
22
Calculate the remainder when 38811 is divided by 12839.
294
What is the remainder when 1966 is divided by 1520?
446
What is the remainder when 56305488 is divided by 52?
44
